1
Suppose 21*b - 32230 = 10*b. List the prime factors of b.
2, 5, 293
Let x be ((-2)/1)/(2/(-21)). Let b = x - 12. List the prime factors of b*(22/6 + -2).
3, 5
Suppose 0 = -4*c + 2*j + 37 + 11, 0 = -4*c - 3*j + 68. Suppose 0 = -15*r + c*r + 30. List the prime factors of r.
2, 3, 5
Let k(w) be the third derivative of -w**5/60 + 5*w**4/6 - 5*w**3/2 - w**2 + 24. Let j be 2/4 + (-105)/(-6). List the prime factors of k(j).
3, 7
Suppose x = -3*y + 12, x = 2*y - 3*x - 8. Let u be (-9)/((-20)/y + 4). What are the prime factors of 18 + -14 + u + 1?
2, 7
Let d be 1 - (0 - -1)*-1. Suppose 28 = 4*v - d*a + 6*a, 3*a = 2*v + 1. Suppose 0 = -2*p + v + 28. List the prime factors of p.
2
Let q = -537 + 815. List the prime factors of q.
2, 139
Let y = -7 - -16. Suppose 4*w + y + 31 = 0. What are the prime factors of 12/w*(-20)/8?
3
Suppose 5*n + 35 = -2*n. Let y(c) = c**2 - 16*c - 10. What are the prime factors of y(n)?
5, 19
Suppose -3*l + 3*n - 108 = 0, 3*l - 2*n + 42 + 64 = 0. Suppose 74*b = 84*b + 60. Let m = b - l. What are the prime factors of m?
2, 7
Suppose -3*v + 28 = 4*v. Suppose 4 = v*c + 16. List the prime factors of (-1)/c*0 - -42.
2, 3, 7
Suppose -20*p + 16371 = -3*p. List the prime factors of p.
3, 107
Let x be (210/20)/((-3)/(-4)). What are the prime factors of x/7 - 1*-5?
7
Let s(x) = -x**3 - 6*x**2 + x + 14. Suppose 2*c + 28 - 12 = 0. What are the prime factors of s(c)?
2, 67
Suppose 4*c = -5*o - 211, 0*c - 2*c = o + 107. Let w = 101 + c. What are the prime factors of w?
47
Let n be 2 + 0 - (2 + (10 - 1)). Let q = n + 51. What are the prime factors of q?
2, 3, 7
Let n be (-2)/(-7) - (-72)/42. Let g be ((-15)/n)/((-3)/18). Suppose 5*t - 5*k - g = 0, -3*t - t - 5*k + 36 = 0. List the prime factors of t.
3
What are the prime factors of 146 - (-1)/(6 + -7)?
5, 29
Let y(c) = 6*c**2 + 2*c + 2. Let f = 4 + 0. Let g(m) = -m**3 + 5*m**2 - 6*m + 6. Let w be g(f). What are the prime factors of y(w)?
2, 11
Suppose -52 - 6 = -p - 4*s, -206 = -4*p - 3*s. Suppose -5*o - 5 = -p. Suppose o*y = 7*y + 44. What are the prime factors of y?
2, 11
Suppose -20 = -4*g, -9*v - 11768 = -13*v + 4*g. What are the prime factors of v?
7, 421
Let k be 4/6 + (-11)/3. Let x(y) = 8*y + 69. Let b be x(-11). What are the prime factors of (k - b) + 9/(-3)?
13
Let u be -6 + 8 + (-2)/(-1) + 1. Suppose -h + 5*x - 9 = 0, u*h + 5*x = 22 + 53. List the prime factors of h.
11
Let x(q) be the third derivative of -q**6/120 + 3*q**5/20 + 11*q**4/24 + 3*q**3/2 - 19*q**2. What are the prime factors of x(9)?
2, 3
Suppose -3*d = -90 - 300. Suppose -q + d - 3 = 0. What are the prime factors of q?
127
What are the prime factors of ((-12)/10)/(79551/6630 + -12)?
2, 13, 17
Suppose 5*b + 2*d = -6, -2*b + 3 = -0*d - d. Suppose -7*m + 47 - 131 = b. What are the prime factors of 1/m*-4*159?
53
Suppose 4*w - 57 = 3*i + w, i - 5*w = 1. Let m = -2 - i. What are the prime factors of m?
2, 11
Suppose 48*d - 127716 = -10*d. What are the prime factors of d?
2, 3, 367
Suppose -8 = -i + 75. Suppose -3 = 3*c, -s + 3*c = 4*s - i. What are the prime factors of s?
2
Let d(x) = 23*x**2 + 5*x + 9. Let g be ((-9)/15)/((-2)/(-10)). What are the prime factors of d(g)?
3, 67
Let y = 126 - -7. List the prime factors of (y - -9)*1/2.
71
Suppose 5*o - 1061 = k, 3*o - 852 = -o + 4*k. Suppose 2*n - o = -2*n. What are the prime factors of n?
53
Let n(z) = -z**2 - z - 1. Let s(x) = 4*x**2 - 2*x - 1. Let b(f) = n(f) + s(f). What are the prime factors of b(5)?
2, 29
List the prime factors of (-1)/((-10)/415*(-2)/(-36)).
3, 83
Let n(g) = 3*g**2 + 17*g + 2. List the prime factors of n(-18).
2, 167
Let q = 1312 + -644. List the prime factors of q.
2, 167
Let x = 2790 + -983. What are the prime factors of x?
13, 139
Let s(d) = 3*d - 9. Let z be s(4). Suppose 193 = z*r + x, 5*r + 4*x = 4*r + 46. List the prime factors of r.
2, 3, 11
List the prime factors of (6 - 351/63) + 24578/14.
2, 439
Suppose w - 2679 = -3*w - 5*v, 5*w = -2*v + 3353. What are the prime factors of w?
11, 61
What are the prime factors of 1243 + (-1 - 7 - -5)?
2, 5, 31
Suppose 14297 = 21*m + 4322. What are the prime factors of m?
5, 19
Suppose -4*j = -93 - 99. Suppose -2*m = 3*d - j, 2*m - 3 - 17 = 4*d. Suppose 2*i - 4 = m. What are the prime factors of i?
11
What are the prime factors of 40/(-15) - (-18280)/6?
2, 761
Let a be (38/(-4) + 2)*2. Let z be 36/a*(-550)/(-15). What are the prime factors of (z/(-6))/((-8)/(-12))?
2, 11
Let b = 1232 - -73. Suppose -421 + b = 4*h. What are the prime factors of h?
13, 17
Let b(w) = -64*w - 195. What are the prime factors of b(-31)?
1789
Let h(w) = 5*w**2 - w. Let x = -25 - -13. Let z = x + 10. What are the prime factors of h(z)?
2, 11
Let c = 1306 - 596. What are the prime factors of c?
2, 5, 71
Let q = -18 - 4. Let o = 37 + q. What are the prime factors of 5/(-15) + 575/o?
2, 19
Let v(l) be the first derivative of -l**3/3 + 7*l**2 - 16*l - 8. Let b be v(13). List the prime factors of 33*b/(-3 - 0).
3, 11
Let k = 907 + -116. Suppose h = -5*o + 3*h + 1300, k = 3*o + h. List the prime factors of o/8 + (-14)/(-56).
3, 11
Suppose -4*l + 3544 = p, p = -5*l + 5*p + 4409. List the prime factors of l.
3, 5, 59
Let x(s) = -s**3 + 12*s**2 + 11*s + 10. Let p be x(11). Let c = p + -179. What are the prime factors of c?
73
Suppose 3*m - 1 = -13. List the prime factors of 3/(921/228 + m).
2, 19
Let d be -7 - (-250 + -16)*1/2. Let f(t) = t**2 + t - 1. Let x be f(-3). Suppose 4*p - x*h - 140 = 130, -2*h + d = 2*p. List the prime factors of p.
5, 13
Let i(y) = -y**2 + 11*y - 4. Let t be i(10). Suppose -t*u = -u. Suppose 242 = 4*x + 3*z, 3*z - 6 = -u*z. What are the prime factors of x?
59
List the prime factors of 8/3*(-3390)/(-20).
2, 113
Let x = 9 + -3. Suppose x*r - 3*r = -18. List the prime factors of r/8 - (-729)/12.
2, 3, 5
Suppose 4*a - 1279 = 813. What are the prime factors of a?
523
Let c(x) = -x + 24. Let o be c(15). Let a(j) = -j**2 + 9*j + 18. List the prime factors of a(o).
2, 3
Let s(a) = 15*a**3 + 2 + 2 - 5 - 10*a**3. Let u be s(1). Suppose q - 3*r = 2*r + 17, 0 = u*r - 4. List the prime factors of q.
2, 11
Suppose -403 = -49*t + 36*t. What are the prime factors of t?
31
Let z(g) = 10*g**3 - 4*g**2 - 5*g - 3. Let y be z(-2). Let b = 182 + y. What are the prime factors of b?
3, 31
Let j = 578 - 1000. What are the prime factors of 5/(-25) + j/(-10)?
2, 3, 7
Let a = -43 - -196. List the prime factors of a.
3, 17
Suppose q - 3*f - 2*f = -9, -2*q = f + 7. Let a = q + 19. What are the prime factors of a?
3, 5
Let b = 20 + -35. List the prime factors of (68/3*-2)/(5/b).
2, 17
Let f be ((-15)/(-20))/(3/(-24)). What are the prime factors of ((-3396)/15)/(-4) - f/15?
3, 19
Suppose 0 = 5*v - 4*i + 1, 2*v + i = v + 7. Suppose v*l - 39 = 450. List the prime factors of l.
163
Let f = -233 - -126. Let w = f + 312. List the prime factors of w.
5, 41
Let l(t) = t**3 - 11*t**2 - 12*t + 1. Let y be l(12). Let d be (-1)/((-3)/189*y). Suppose 0 = 6*z - 3*z - d. What are the prime factors of z?
3, 7
Let v(f) = -3*f**3 - 11*f**2 - 8*f + 30. List the prime factors of v(-10).
2, 3, 5, 67
Let l = 390 + -269. List the prime factors of l.
11
Let c be 2640/9 - ((-20)/12 + 1). List the prime factors of (-4)/(-3)*(-27)/(-12) + c.
3, 11
What are the prime factors of (-9)/27*-3 + 631 + 0?
2, 79
Let h(t) = -11*t + 2. Let v be h(-2). Suppose 3*c + 4*u - v = -c, -3 = -u. Suppose c*b - 48 = b. List the prime factors of b.
2, 3
Suppose -29161 = -14*y + 11201. List the prime factors of y.
3, 31
Let x(h) = h**2 - 24*h - 17. Let v be x(25). Suppose -4*t = 3*w - 38 - 516, -4*w = -v. List the prime factors of t.
137
Let p = -393 - -802. Suppose 8*z - p - 647 = 0. What are the prime factors of z?
2, 3, 11
Let j = -3692 - -9699. What are the prime factors of j?
6007
Let l(u) = u**3 + 10*u**2 - 8. Let i be l(-10). Let j = 5 + i. Let v(g) = 2*g**2 - 4. What are the prime factors of v(j)?
2, 7
Suppose 0 = -5*x + 4*m - 8*m + 1927, 395 = x + 4*m. List the prime factors of x.
383
Suppose 4*m - 4364 = -688. List the prime factors of m.
919
Let z(i) = 13*i + 29. Suppose -5*k + k = -28. List the prime factors of z(k).
2, 3, 5
What are the prime factors of (59411/(-242))/(7/(-6) - -1)?
3, 491
Let t(v) = v**3 + v**2 - 10*v + 456. List the prime factors of t(0).
2, 3, 19
What ar